{"id":2734,"date":"2022-09-01T10:38:55","date_gmt":"2022-09-01T08:38:55","guid":{"rendered":"https:\/\/sb.weboo.org\/public\/test-sema\/?page_id=2734"},"modified":"2022-10-13T18:03:48","modified_gmt":"2022-10-13T16:03:48","slug":"le-pino-tandem-extraordinaire","status":"publish","type":"page","link":"https:\/\/sb.weboo.org\/public\/test-sema\/le-pino-tandem-extraordinaire\/","title":{"rendered":"Le Pino, tandem atypique"},"content":{"rendered":"\n<p>Le <a href=\"https:\/\/hasebikes.com\/fr\/vos-velos\/tandem-x-cargo-pino\/\">Pino Hase<\/a> n&rsquo;est pas une tandem comme les autres. Sa g\u00e9om\u00e9trie est inclassable, son look est \u00e9tonnant, ses capacit\u00e9s sont surprenantes. Tandem parfait pour 2 adultes ou 1 adulte et 1 enfant, il est un outil extraordinaire pour l&rsquo;aventure en famille. <\/p>\n\n\n\n<p>Le tandem est un objet difficile \u00e0 mettre dans une case. C&rsquo;est un v\u00e9lo pour partager \u00e0 deux (partager l&rsquo;effort, le plaisir, la route et les rencontres). Parce que le Pino est un tandem et parce qu&rsquo;il est \u00e9tonnant, il est un vecteur formidable de rencontres.<\/p>\n\n\n\n<div class=\"wp-block-image\"><figure class=\"aligncenter size-full\"><img loading=\"lazy\" width=\"350\" height=\"165\" src=\"https:\/\/sb.weboo.org\/public\/test-sema\/wp-content\/uploads\/2022\/09\/pino-allround-2021-1.jpg\" alt=\"\" class=\"wp-image-2745\" srcset=\"https:\/\/sb.weboo.org\/public\/test-sema\/wp-content\/uploads\/2022\/09\/pino-allround-2021-1.jpg 350w, https:\/\/sb.weboo.org\/public\/test-sema\/wp-content\/uploads\/2022\/09\/pino-allround-2021-1-300x141.jpg 300w\" sizes=\"(max-width: 350px) 100vw, 350px\" \/><\/figure><\/div>\n\n\n\n<p>Le Pino existe de s\u00e9rie sous diff\u00e9rentes formes (cargo, \u00e9lectrique, voyageur&#8230;). Vous pouvez aussi le <a href=\"https:\/\/konfigurator.hasebikes.com\/fr\/bike\/pino-allround-2022\">configurer<\/a> en fonction de vos besoins. <\/p>\n\n\n\n<p>Venez l&rsquo;essayer (tandem en location) et l&rsquo;adopter !<\/p>\n","protected":false},"excerpt":{"rendered":"<p>Le Pino Hase n&rsquo;est pas une tandem comme les autres. Sa g\u00e9om\u00e9trie est inclassable, son look est \u00e9tonnant, ses capacit\u00e9s sont surprenantes. Tandem parfait pour 2 adultes ou 1 adulte et 1 enfant, il est un outil extraordinaire pour l&rsquo;aventure en famille. Le tandem est un objet difficile \u00e0 mettre dans une case. C&rsquo;est un&hellip; <br \/> <a class=\"button small blue\" href=\"https:\/\/sb.weboo.org\/public\/test-sema\/le-pino-tandem-extraordinaire\/\">Lire la suite<\/a><\/p>\n","protected":false},"author":1,"featured_media":0,"parent":0,"menu_order":0,"comment_status":"closed","ping_status":"closed","template":"","meta":[],"yoast_head":"<!-- This site is optimized with the Yoast SEO plugin v19.9 - https:\/\/yoast.com\/wordpress\/plugins\/seo\/ -->\n<title>Le Pino, tandem atypique - Cycles Semaphore<\/title>\n<meta name=\"robots\" content=\"index, follow, max-snippet:-1, max-image-preview:large, max-video-preview:-1\" \/>\n<link rel=\"canonical\" href=\"https:\/\/sb.weboo.org\/public\/test-sema\/le-pino-tandem-extraordinaire\/\" \/>\n<meta property=\"og:locale\" content=\"fr_FR\" \/>\n<meta property=\"og:type\" content=\"article\" \/>\n<meta property=\"og:title\" content=\"Le Pino, tandem atypique - Cycles Semaphore\" \/>\n<meta property=\"og:description\" content=\"Le Pino Hase n&rsquo;est pas une tandem comme les autres. Sa g\u00e9om\u00e9trie est inclassable, son look est \u00e9tonnant, ses capacit\u00e9s sont surprenantes. Tandem parfait pour 2 adultes ou 1 adulte et 1 enfant, il est un outil extraordinaire pour l&rsquo;aventure en famille. Le tandem est un objet difficile \u00e0 mettre dans une case. C&rsquo;est un&hellip; Lire la suite\" \/>\n<meta property=\"og:url\" content=\"https:\/\/sb.weboo.org\/public\/test-sema\/le-pino-tandem-extraordinaire\/\" \/>\n<meta property=\"og:site_name\" content=\"Cycles Semaphore\" \/>\n<meta property=\"article:publisher\" content=\"https:\/\/www.facebook.com\/cycles.semaphore\/\" \/>\n<meta property=\"article:modified_time\" content=\"2022-10-13T16:03:48+00:00\" \/>\n<meta property=\"og:image\" content=\"https:\/\/sb.weboo.org\/public\/test-sema\/wp-content\/uploads\/2022\/09\/pino-allround-2021-1.jpg\" \/>\n<meta name=\"twitter:card\" content=\"summary_large_image\" \/>\n<meta name=\"twitter:label1\" content=\"Dur\u00e9e de lecture estim\u00e9e\" \/>\n\t<meta name=\"twitter:data1\" content=\"1 minute\" \/>\n<script type=\"application\/ld+json\" class=\"yoast-schema-graph\">{\"@context\":\"https:\/\/schema.org\",\"@graph\":[{\"@type\":\"WebPage\",\"@id\":\"https:\/\/sb.weboo.org\/public\/test-sema\/le-pino-tandem-extraordinaire\/\",\"url\":\"https:\/\/sb.weboo.org\/public\/test-sema\/le-pino-tandem-extraordinaire\/\",\"name\":\"Le Pino, tandem atypique - Cycles Semaphore\",\"isPartOf\":{\"@id\":\"https:\/\/sb.weboo.org\/public\/test-sema\/#website\"},\"datePublished\":\"2022-09-01T08:38:55+00:00\",\"dateModified\":\"2022-10-13T16:03:48+00:00\",\"breadcrumb\":{\"@id\":\"https:\/\/sb.weboo.org\/public\/test-sema\/le-pino-tandem-extraordinaire\/#breadcrumb\"},\"inLanguage\":\"fr-FR\",\"potentialAction\":[{\"@type\":\"ReadAction\",\"target\":[\"https:\/\/sb.weboo.org\/public\/test-sema\/le-pino-tandem-extraordinaire\/\"]}]},{\"@type\":\"BreadcrumbList\",\"@id\":\"https:\/\/sb.weboo.org\/public\/test-sema\/le-pino-tandem-extraordinaire\/#breadcrumb\",\"itemListElement\":[{\"@type\":\"ListItem\",\"position\":1,\"name\":\"Accueil\",\"item\":\"https:\/\/sb.weboo.org\/public\/test-sema\/\"},{\"@type\":\"ListItem\",\"position\":2,\"name\":\"Le Pino, tandem atypique\"}]},{\"@type\":\"WebSite\",\"@id\":\"https:\/\/sb.weboo.org\/public\/test-sema\/#website\",\"url\":\"https:\/\/sb.weboo.org\/public\/test-sema\/\",\"name\":\"Cycles Semaphore\",\"description\":\"Le v\u00e9lo pour transformer le quotidien\",\"publisher\":{\"@id\":\"https:\/\/sb.weboo.org\/public\/test-sema\/#organization\"},\"potentialAction\":[{\"@type\":\"SearchAction\",\"target\":{\"@type\":\"EntryPoint\",\"urlTemplate\":\"https:\/\/sb.weboo.org\/public\/test-sema\/?s={search_term_string}\"},\"query-input\":\"required name=search_term_string\"}],\"inLanguage\":\"fr-FR\"},{\"@type\":\"Organization\",\"@id\":\"https:\/\/sb.weboo.org\/public\/test-sema\/#organization\",\"name\":\"Cycles Semaphore\",\"url\":\"https:\/\/sb.weboo.org\/public\/test-sema\/\",\"logo\":{\"@type\":\"ImageObject\",\"inLanguage\":\"fr-FR\",\"@id\":\"https:\/\/sb.weboo.org\/public\/test-sema\/#\/schema\/logo\/image\/\",\"url\":\"https:\/\/sb.weboo.org\/public\/test-sema\/wp-content\/uploads\/2020\/05\/CycleSemaphore_autocollant_blanc_35mm.png\",\"contentUrl\":\"https:\/\/sb.weboo.org\/public\/test-sema\/wp-content\/uploads\/2020\/05\/CycleSemaphore_autocollant_blanc_35mm.png\",\"width\":413,\"height\":413,\"caption\":\"Cycles Semaphore\"},\"image\":{\"@id\":\"https:\/\/sb.weboo.org\/public\/test-sema\/#\/schema\/logo\/image\/\"},\"sameAs\":[\"https:\/\/www.instagram.com\/cyclessemaphore\/\",\"https:\/\/www.youtube.com\/channel\/UCw3r2wCWj3eq9wPQHH-U7UA\",\"https:\/\/www.facebook.com\/cycles.semaphore\/\"]}]}<\/script>\n<!-- \/ Yoast SEO plugin. -->","yoast_head_json":{"title":"Le Pino, tandem atypique - Cycles Semaphore","robots":{"index":"index","follow":"follow","max-snippet":"max-snippet:-1","max-image-preview":"max-image-preview:large","max-video-preview":"max-video-preview:-1"},"canonical":"https:\/\/sb.weboo.org\/public\/test-sema\/le-pino-tandem-extraordinaire\/","og_locale":"fr_FR","og_type":"article","og_title":"Le Pino, tandem atypique - Cycles Semaphore","og_description":"Le Pino Hase n&rsquo;est pas une tandem comme les autres. Sa g\u00e9om\u00e9trie est inclassable, son look est \u00e9tonnant, ses capacit\u00e9s sont surprenantes. Tandem parfait pour 2 adultes ou 1 adulte et 1 enfant, il est un outil extraordinaire pour l&rsquo;aventure en famille. Le tandem est un objet difficile \u00e0 mettre dans une case. C&rsquo;est un&hellip; Lire la suite","og_url":"https:\/\/sb.weboo.org\/public\/test-sema\/le-pino-tandem-extraordinaire\/","og_site_name":"Cycles Semaphore","article_publisher":"https:\/\/www.facebook.com\/cycles.semaphore\/","article_modified_time":"2022-10-13T16:03:48+00:00","og_image":[{"url":"https:\/\/sb.weboo.org\/public\/test-sema\/wp-content\/uploads\/2022\/09\/pino-allround-2021-1.jpg"}],"twitter_card":"summary_large_image","twitter_misc":{"Dur\u00e9e de lecture estim\u00e9e":"1 minute"},"schema":{"@context":"https:\/\/schema.org","@graph":[{"@type":"WebPage","@id":"https:\/\/sb.weboo.org\/public\/test-sema\/le-pino-tandem-extraordinaire\/","url":"https:\/\/sb.weboo.org\/public\/test-sema\/le-pino-tandem-extraordinaire\/","name":"Le Pino, tandem atypique - Cycles Semaphore","isPartOf":{"@id":"https:\/\/sb.weboo.org\/public\/test-sema\/#website"},"datePublished":"2022-09-01T08:38:55+00:00","dateModified":"2022-10-13T16:03:48+00:00","breadcrumb":{"@id":"https:\/\/sb.weboo.org\/public\/test-sema\/le-pino-tandem-extraordinaire\/#breadcrumb"},"inLanguage":"fr-FR","potentialAction":[{"@type":"ReadAction","target":["https:\/\/sb.weboo.org\/public\/test-sema\/le-pino-tandem-extraordinaire\/"]}]},{"@type":"BreadcrumbList","@id":"https:\/\/sb.weboo.org\/public\/test-sema\/le-pino-tandem-extraordinaire\/#breadcrumb","itemListElement":[{"@type":"ListItem","position":1,"name":"Accueil","item":"https:\/\/sb.weboo.org\/public\/test-sema\/"},{"@type":"ListItem","position":2,"name":"Le Pino, tandem atypique"}]},{"@type":"WebSite","@id":"https:\/\/sb.weboo.org\/public\/test-sema\/#website","url":"https:\/\/sb.weboo.org\/public\/test-sema\/","name":"Cycles Semaphore","description":"Le v\u00e9lo pour transformer le quotidien","publisher":{"@id":"https:\/\/sb.weboo.org\/public\/test-sema\/#organization"},"potentialAction":[{"@type":"SearchAction","target":{"@type":"EntryPoint","urlTemplate":"https:\/\/sb.weboo.org\/public\/test-sema\/?s={search_term_string}"},"query-input":"required name=search_term_string"}],"inLanguage":"fr-FR"},{"@type":"Organization","@id":"https:\/\/sb.weboo.org\/public\/test-sema\/#organization","name":"Cycles Semaphore","url":"https:\/\/sb.weboo.org\/public\/test-sema\/","logo":{"@type":"ImageObject","inLanguage":"fr-FR","@id":"https:\/\/sb.weboo.org\/public\/test-sema\/#\/schema\/logo\/image\/","url":"https:\/\/sb.weboo.org\/public\/test-sema\/wp-content\/uploads\/2020\/05\/CycleSemaphore_autocollant_blanc_35mm.png","contentUrl":"https:\/\/sb.weboo.org\/public\/test-sema\/wp-content\/uploads\/2020\/05\/CycleSemaphore_autocollant_blanc_35mm.png","width":413,"height":413,"caption":"Cycles Semaphore"},"image":{"@id":"https:\/\/sb.weboo.org\/public\/test-sema\/#\/schema\/logo\/image\/"},"sameAs":["https:\/\/www.instagram.com\/cyclessemaphore\/","https:\/\/www.youtube.com\/channel\/UCw3r2wCWj3eq9wPQHH-U7UA","https:\/\/www.facebook.com\/cycles.semaphore\/"]}]}},"_links":{"self":[{"href":"https:\/\/sb.weboo.org\/public\/test-sema\/wp-json\/wp\/v2\/pages\/2734"}],"collection":[{"href":"https:\/\/sb.weboo.org\/public\/test-sema\/wp-json\/wp\/v2\/pages"}],"about":[{"href":"https:\/\/sb.weboo.org\/public\/test-sema\/wp-json\/wp\/v2\/types\/page"}],"author":[{"embeddable":true,"href":"https:\/\/sb.weboo.org\/public\/test-sema\/wp-json\/wp\/v2\/users\/1"}],"replies":[{"embeddable":true,"href":"https:\/\/sb.weboo.org\/public\/test-sema\/wp-json\/wp\/v2\/comments?post=2734"}],"version-history":[{"count":6,"href":"https:\/\/sb.weboo.org\/public\/test-sema\/wp-json\/wp\/v2\/pages\/2734\/revisions"}],"predecessor-version":[{"id":2788,"href":"https:\/\/sb.weboo.org\/public\/test-sema\/wp-json\/wp\/v2\/pages\/2734\/revisions\/2788"}],"wp:attachment":[{"href":"https:\/\/sb.weboo.org\/public\/test-sema\/wp-json\/wp\/v2\/media?parent=2734"}],"curies":[{"name":"wp","href":"https:\/\/api.w.org\/{rel}","templated":true}]}}