{"id":2632,"date":"2022-04-21T17:56:26","date_gmt":"2022-04-21T15:56:26","guid":{"rendered":"https:\/\/sb.weboo.org\/public\/test-sema\/?page_id=2632"},"modified":"2022-04-21T17:56:26","modified_gmt":"2022-04-21T15:56:26","slug":"latelier","status":"publish","type":"page","link":"https:\/\/sb.weboo.org\/public\/test-sema\/latelier\/","title":{"rendered":"L&rsquo;Atelier"},"content":{"rendered":"\n<p>Notre atelier est situ\u00e9 en centre-ville de Riom. Nous aimons l&rsquo;id\u00e9e qu&rsquo;\u00e0 travers son implantation, il puisse rendre service aux utilisateurs\u2e31trices au quotidien.<\/p>\n\n\n\n<p>Nous r\u00e9parons tous les types de v\u00e9los (\u00e9lectriques ou non). Avant toute intervention, nous vous proposerons un diagnostic. Celui-ci permet d&rsquo;identifier les pannes ou les am\u00e9liorations \u00e0 apporter. Dans certains cas, nous serons au regret de vous annoncer que votre v\u00e9lo n&rsquo;est pas r\u00e9parable (nous ferons alors de notre mieux pour vous conseiller une solution de recyclage, quand elle existe). Parmi la flotte de v\u00e9los roulants (ou non), un trop grand nombre d&rsquo;entre-eux ont \u00e9t\u00e9 con\u00e7us et assembl\u00e9s uniquement dans une logique financi\u00e8re, ils sont souvent \u00ab\u00a0jetables\u00a0\u00bb, nous pourrons en discuter et tenter de vous apporter des pistes pour votre prochain v\u00e9lo.<\/p>\n\n\n\n<p>Nous aimons r\u00e9parer et prendre soin de vos v\u00e9los, nous vous encourageons \u00e0 en faire autant en apportant des v\u00e9los propres (s&rsquo;ils sont couverts de boue, nous ne pourrons pas faire grand chose) autant que possible.<\/p>\n\n\n\n<p>Avant de venir, merci de <a href=\"https:\/\/sb.weboo.org\/public\/test-sema\/contact\/\">prendre rendez-vous<\/a>, et de consulter <a href=\"https:\/\/sb.weboo.org\/public\/test-sema\/atelier-velo-riom\/tarifs\/\">nos tarifs<\/a>.<\/p>\n\n\n\n<p>A bient\u00f4t !<\/p>\n\n\n\n<p><\/p>\n","protected":false},"excerpt":{"rendered":"<p>Notre atelier est situ\u00e9 en centre-ville de Riom. Nous aimons l&rsquo;id\u00e9e qu&rsquo;\u00e0 travers son implantation, il puisse rendre service aux utilisateurs\u2e31trices au quotidien. Nous r\u00e9parons tous les types de v\u00e9los (\u00e9lectriques ou non). Avant toute intervention, nous vous proposerons un diagnostic. Celui-ci permet d&rsquo;identifier les pannes ou les am\u00e9liorations \u00e0 apporter. Dans certains cas, nous&hellip; <br \/> <a class=\"button small blue\" href=\"https:\/\/sb.weboo.org\/public\/test-sema\/latelier\/\">Lire la suite<\/a><\/p>\n","protected":false},"author":1,"featured_media":0,"parent":0,"menu_order":0,"comment_status":"closed","ping_status":"closed","template":"","meta":[],"yoast_head":"<!-- This site is optimized with the Yoast SEO plugin v19.9 - https:\/\/yoast.com\/wordpress\/plugins\/seo\/ -->\n<title>L&#039;Atelier - Cycles Semaphore<\/title>\n<meta name=\"robots\" content=\"index, follow, max-snippet:-1, max-image-preview:large, max-video-preview:-1\" \/>\n<link rel=\"canonical\" href=\"https:\/\/sb.weboo.org\/public\/test-sema\/latelier\/\" \/>\n<meta property=\"og:locale\" content=\"fr_FR\" \/>\n<meta property=\"og:type\" content=\"article\" \/>\n<meta property=\"og:title\" content=\"L&#039;Atelier - Cycles Semaphore\" \/>\n<meta property=\"og:description\" content=\"Notre atelier est situ\u00e9 en centre-ville de Riom. Nous aimons l&rsquo;id\u00e9e qu&rsquo;\u00e0 travers son implantation, il puisse rendre service aux utilisateurs\u2e31trices au quotidien. Nous r\u00e9parons tous les types de v\u00e9los (\u00e9lectriques ou non). Avant toute intervention, nous vous proposerons un diagnostic. Celui-ci permet d&rsquo;identifier les pannes ou les am\u00e9liorations \u00e0 apporter. Dans certains cas, nous&hellip; Lire la suite\" \/>\n<meta property=\"og:url\" content=\"https:\/\/sb.weboo.org\/public\/test-sema\/latelier\/\" \/>\n<meta property=\"og:site_name\" content=\"Cycles Semaphore\" \/>\n<meta property=\"article:publisher\" content=\"https:\/\/www.facebook.com\/cycles.semaphore\/\" \/>\n<meta property=\"og:image\" content=\"https:\/\/sb.weboo.org\/public\/test-sema\/wp-content\/uploads\/2018\/05\/veloa-rallonge-porteur-enfant.jpg\" \/>\n\t<meta property=\"og:image:width\" content=\"920\" \/>\n\t<meta property=\"og:image:height\" content=\"690\" \/>\n\t<meta property=\"og:image:type\" content=\"image\/jpeg\" \/>\n<meta name=\"twitter:card\" content=\"summary_large_image\" \/>\n<meta name=\"twitter:label1\" content=\"Dur\u00e9e de lecture estim\u00e9e\" \/>\n\t<meta name=\"twitter:data1\" content=\"1 minute\" \/>\n<script type=\"application\/ld+json\" class=\"yoast-schema-graph\">{\"@context\":\"https:\/\/schema.org\",\"@graph\":[{\"@type\":\"WebPage\",\"@id\":\"https:\/\/sb.weboo.org\/public\/test-sema\/latelier\/\",\"url\":\"https:\/\/sb.weboo.org\/public\/test-sema\/latelier\/\",\"name\":\"L'Atelier - Cycles Semaphore\",\"isPartOf\":{\"@id\":\"https:\/\/sb.weboo.org\/public\/test-sema\/#website\"},\"datePublished\":\"2022-04-21T15:56:26+00:00\",\"dateModified\":\"2022-04-21T15:56:26+00:00\",\"breadcrumb\":{\"@id\":\"https:\/\/sb.weboo.org\/public\/test-sema\/latelier\/#breadcrumb\"},\"inLanguage\":\"fr-FR\",\"potentialAction\":[{\"@type\":\"ReadAction\",\"target\":[\"https:\/\/sb.weboo.org\/public\/test-sema\/latelier\/\"]}]},{\"@type\":\"BreadcrumbList\",\"@id\":\"https:\/\/sb.weboo.org\/public\/test-sema\/latelier\/#breadcrumb\",\"itemListElement\":[{\"@type\":\"ListItem\",\"position\":1,\"name\":\"Accueil\",\"item\":\"https:\/\/sb.weboo.org\/public\/test-sema\/\"},{\"@type\":\"ListItem\",\"position\":2,\"name\":\"L&rsquo;Atelier\"}]},{\"@type\":\"WebSite\",\"@id\":\"https:\/\/sb.weboo.org\/public\/test-sema\/#website\",\"url\":\"https:\/\/sb.weboo.org\/public\/test-sema\/\",\"name\":\"Cycles Semaphore\",\"description\":\"Le v\u00e9lo pour transformer le quotidien\",\"publisher\":{\"@id\":\"https:\/\/sb.weboo.org\/public\/test-sema\/#organization\"},\"potentialAction\":[{\"@type\":\"SearchAction\",\"target\":{\"@type\":\"EntryPoint\",\"urlTemplate\":\"https:\/\/sb.weboo.org\/public\/test-sema\/?s={search_term_string}\"},\"query-input\":\"required name=search_term_string\"}],\"inLanguage\":\"fr-FR\"},{\"@type\":\"Organization\",\"@id\":\"https:\/\/sb.weboo.org\/public\/test-sema\/#organization\",\"name\":\"Cycles Semaphore\",\"url\":\"https:\/\/sb.weboo.org\/public\/test-sema\/\",\"logo\":{\"@type\":\"ImageObject\",\"inLanguage\":\"fr-FR\",\"@id\":\"https:\/\/sb.weboo.org\/public\/test-sema\/#\/schema\/logo\/image\/\",\"url\":\"https:\/\/sb.weboo.org\/public\/test-sema\/wp-content\/uploads\/2020\/05\/CycleSemaphore_autocollant_blanc_35mm.png\",\"contentUrl\":\"https:\/\/sb.weboo.org\/public\/test-sema\/wp-content\/uploads\/2020\/05\/CycleSemaphore_autocollant_blanc_35mm.png\",\"width\":413,\"height\":413,\"caption\":\"Cycles Semaphore\"},\"image\":{\"@id\":\"https:\/\/sb.weboo.org\/public\/test-sema\/#\/schema\/logo\/image\/\"},\"sameAs\":[\"https:\/\/www.instagram.com\/cyclessemaphore\/\",\"https:\/\/www.youtube.com\/channel\/UCw3r2wCWj3eq9wPQHH-U7UA\",\"https:\/\/www.facebook.com\/cycles.semaphore\/\"]}]}<\/script>\n<!-- \/ Yoast SEO plugin. -->","yoast_head_json":{"title":"L'Atelier - Cycles Semaphore","robots":{"index":"index","follow":"follow","max-snippet":"max-snippet:-1","max-image-preview":"max-image-preview:large","max-video-preview":"max-video-preview:-1"},"canonical":"https:\/\/sb.weboo.org\/public\/test-sema\/latelier\/","og_locale":"fr_FR","og_type":"article","og_title":"L'Atelier - Cycles Semaphore","og_description":"Notre atelier est situ\u00e9 en centre-ville de Riom. Nous aimons l&rsquo;id\u00e9e qu&rsquo;\u00e0 travers son implantation, il puisse rendre service aux utilisateurs\u2e31trices au quotidien. Nous r\u00e9parons tous les types de v\u00e9los (\u00e9lectriques ou non). Avant toute intervention, nous vous proposerons un diagnostic. Celui-ci permet d&rsquo;identifier les pannes ou les am\u00e9liorations \u00e0 apporter. Dans certains cas, nous&hellip; Lire la suite","og_url":"https:\/\/sb.weboo.org\/public\/test-sema\/latelier\/","og_site_name":"Cycles Semaphore","article_publisher":"https:\/\/www.facebook.com\/cycles.semaphore\/","og_image":[{"width":920,"height":690,"url":"https:\/\/sb.weboo.org\/public\/test-sema\/wp-content\/uploads\/2018\/05\/veloa-rallonge-porteur-enfant.jpg","type":"image\/jpeg"}],"twitter_card":"summary_large_image","twitter_misc":{"Dur\u00e9e de lecture estim\u00e9e":"1 minute"},"schema":{"@context":"https:\/\/schema.org","@graph":[{"@type":"WebPage","@id":"https:\/\/sb.weboo.org\/public\/test-sema\/latelier\/","url":"https:\/\/sb.weboo.org\/public\/test-sema\/latelier\/","name":"L'Atelier - Cycles Semaphore","isPartOf":{"@id":"https:\/\/sb.weboo.org\/public\/test-sema\/#website"},"datePublished":"2022-04-21T15:56:26+00:00","dateModified":"2022-04-21T15:56:26+00:00","breadcrumb":{"@id":"https:\/\/sb.weboo.org\/public\/test-sema\/latelier\/#breadcrumb"},"inLanguage":"fr-FR","potentialAction":[{"@type":"ReadAction","target":["https:\/\/sb.weboo.org\/public\/test-sema\/latelier\/"]}]},{"@type":"BreadcrumbList","@id":"https:\/\/sb.weboo.org\/public\/test-sema\/latelier\/#breadcrumb","itemListElement":[{"@type":"ListItem","position":1,"name":"Accueil","item":"https:\/\/sb.weboo.org\/public\/test-sema\/"},{"@type":"ListItem","position":2,"name":"L&rsquo;Atelier"}]},{"@type":"WebSite","@id":"https:\/\/sb.weboo.org\/public\/test-sema\/#website","url":"https:\/\/sb.weboo.org\/public\/test-sema\/","name":"Cycles Semaphore","description":"Le v\u00e9lo pour transformer le quotidien","publisher":{"@id":"https:\/\/sb.weboo.org\/public\/test-sema\/#organization"},"potentialAction":[{"@type":"SearchAction","target":{"@type":"EntryPoint","urlTemplate":"https:\/\/sb.weboo.org\/public\/test-sema\/?s={search_term_string}"},"query-input":"required name=search_term_string"}],"inLanguage":"fr-FR"},{"@type":"Organization","@id":"https:\/\/sb.weboo.org\/public\/test-sema\/#organization","name":"Cycles Semaphore","url":"https:\/\/sb.weboo.org\/public\/test-sema\/","logo":{"@type":"ImageObject","inLanguage":"fr-FR","@id":"https:\/\/sb.weboo.org\/public\/test-sema\/#\/schema\/logo\/image\/","url":"https:\/\/sb.weboo.org\/public\/test-sema\/wp-content\/uploads\/2020\/05\/CycleSemaphore_autocollant_blanc_35mm.png","contentUrl":"https:\/\/sb.weboo.org\/public\/test-sema\/wp-content\/uploads\/2020\/05\/CycleSemaphore_autocollant_blanc_35mm.png","width":413,"height":413,"caption":"Cycles Semaphore"},"image":{"@id":"https:\/\/sb.weboo.org\/public\/test-sema\/#\/schema\/logo\/image\/"},"sameAs":["https:\/\/www.instagram.com\/cyclessemaphore\/","https:\/\/www.youtube.com\/channel\/UCw3r2wCWj3eq9wPQHH-U7UA","https:\/\/www.facebook.com\/cycles.semaphore\/"]}]}},"_links":{"self":[{"href":"https:\/\/sb.weboo.org\/public\/test-sema\/wp-json\/wp\/v2\/pages\/2632"}],"collection":[{"href":"https:\/\/sb.weboo.org\/public\/test-sema\/wp-json\/wp\/v2\/pages"}],"about":[{"href":"https:\/\/sb.weboo.org\/public\/test-sema\/wp-json\/wp\/v2\/types\/page"}],"author":[{"embeddable":true,"href":"https:\/\/sb.weboo.org\/public\/test-sema\/wp-json\/wp\/v2\/users\/1"}],"replies":[{"embeddable":true,"href":"https:\/\/sb.weboo.org\/public\/test-sema\/wp-json\/wp\/v2\/comments?post=2632"}],"version-history":[{"count":1,"href":"https:\/\/sb.weboo.org\/public\/test-sema\/wp-json\/wp\/v2\/pages\/2632\/revisions"}],"predecessor-version":[{"id":2633,"href":"https:\/\/sb.weboo.org\/public\/test-sema\/wp-json\/wp\/v2\/pages\/2632\/revisions\/2633"}],"wp:attachment":[{"href":"https:\/\/sb.weboo.org\/public\/test-sema\/wp-json\/wp\/v2\/media?parent=2632"}],"curies":[{"name":"wp","href":"https:\/\/api.w.org\/{rel}","templated":true}]}}

<p>Notre atelier est situé en centre-ville de Riom. Nous aimons l&rsquo;idée qu&rsquo;à travers son implantation, il puisse rendre service aux utilisateurs⸱trices au quotidien.</p>



<p>Nous réparons tous les types de vélos (électriques ou non). Avant toute intervention, nous vous proposerons un diagnostic. Celui-ci permet d&rsquo;identifier les pannes ou les améliorations à apporter. Dans certains cas, nous serons au regret de vous annoncer que votre vélo n&rsquo;est pas réparable (nous ferons alors de notre mieux pour vous conseiller une solution de recyclage, quand elle existe). Parmi la flotte de vélos roulants (ou non), un trop grand nombre d&rsquo;entre-eux ont été conçus et assemblés uniquement dans une logique financière, ils sont souvent « jetables », nous pourrons en discuter et tenter de vous apporter des pistes pour votre prochain vélo.</p>



<p>Nous aimons réparer et prendre soin de vos vélos, nous vous encourageons à en faire autant en apportant des vélos propres (s&rsquo;ils sont couverts de boue, nous ne pourrons pas faire grand chose) autant que possible.</p>



<p>Avant de venir, merci de <a href="https://sb.weboo.org/public/test-sema/contact/">prendre rendez-vous</a>, et de consulter <a href="https://sb.weboo.org/public/test-sema/atelier-velo-riom/tarifs/">nos tarifs</a>.</p>



<p>A bientôt !</p>



<p></p>

<p>Notre atelier est situé en centre-ville de Riom. Nous aimons l&rsquo;idée qu&rsquo;à travers son implantation, il puisse rendre service aux utilisateurs⸱trices au quotidien. Nous réparons tous les types de vélos (électriques ou non). Avant toute intervention, nous vous proposerons un diagnostic. Celui-ci permet d&rsquo;identifier les pannes ou les améliorations à apporter. Dans certains cas, nous&hellip; <br /> <a class="button small blue" href="https://sb.weboo.org/public/test-sema/latelier/">Lire la suite</a></p>

<!-- This site is optimized with the Yoast SEO plugin v19.9 - https://yoast.com/wordpress/plugins/seo/ -->
<title>L&#039;Atelier - Cycles Semaphore</title>
<meta name="robots" content="index, follow, max-snippet:-1, max-image-preview:large, max-video-preview:-1" />
<link rel="canonical" href="https://sb.weboo.org/public/test-sema/latelier/" />
<meta property="og:locale" content="fr_FR" />
<meta property="og:type" content="article" />
<meta property="og:title" content="L&#039;Atelier - Cycles Semaphore" />
<meta property="og:description" content="Notre atelier est situé en centre-ville de Riom. Nous aimons l&rsquo;idée qu&rsquo;à travers son implantation, il puisse rendre service aux utilisateurs⸱trices au quotidien. Nous réparons tous les types de vélos (électriques ou non). Avant toute intervention, nous vous proposerons un diagnostic. Celui-ci permet d&rsquo;identifier les pannes ou les améliorations à apporter. Dans certains cas, nous&hellip; Lire la suite" />
<meta property="og:url" content="https://sb.weboo.org/public/test-sema/latelier/" />
<meta property="og:site_name" content="Cycles Semaphore" />
<meta property="article:publisher" content="https://www.facebook.com/cycles.semaphore/" />
<meta property="og:image" content="https://sb.weboo.org/public/test-sema/wp-content/uploads/2018/05/veloa-rallonge-porteur-enfant.jpg" />
	<meta property="og:image:width" content="920" />
	<meta property="og:image:height" content="690" />
	<meta property="og:image:type" content="image/jpeg" />
<meta name="twitter:card" content="summary_large_image" />
<meta name="twitter:label1" content="Durée de lecture estimée" />
	<meta name="twitter:data1" content="1 minute" />
<script type="application/ld+json" class="yoast-schema-graph">{"@context":"https://schema.org","@graph":[{"@type":"WebPage","@id":"https://sb.weboo.org/public/test-sema/latelier/","url":"https://sb.weboo.org/public/test-sema/latelier/","name":"L'Atelier - Cycles Semaphore","isPartOf":{"@id":"https://sb.weboo.org/public/test-sema/#website"},"datePublished":"2022-04-21T15:56:26+00:00","dateModified":"2022-04-21T15:56:26+00:00","breadcrumb":{"@id":"https://sb.weboo.org/public/test-sema/latelier/#breadcrumb"},"inLanguage":"fr-FR","potentialAction":[{"@type":"ReadAction","target":["https://sb.weboo.org/public/test-sema/latelier/"]}]},{"@type":"BreadcrumbList","@id":"https://sb.weboo.org/public/test-sema/latelier/#breadcrumb","itemListElement":[{"@type":"ListItem","position":1,"name":"Accueil","item":"https://sb.weboo.org/public/test-sema/"},{"@type":"ListItem","position":2,"name":"L&rsquo;Atelier"}]},{"@type":"WebSite","@id":"https://sb.weboo.org/public/test-sema/#website","url":"https://sb.weboo.org/public/test-sema/","name":"Cycles Semaphore","description":"Le vélo pour transformer le quotidien","publisher":{"@id":"https://sb.weboo.org/public/test-sema/#organization"},"potentialAction":[{"@type":"SearchAction","target":{"@type":"EntryPoint","urlTemplate":"https://sb.weboo.org/public/test-sema/?s={search_term_string}"},"query-input":"required name=search_term_string"}],"inLanguage":"fr-FR"},{"@type":"Organization","@id":"https://sb.weboo.org/public/test-sema/#organization","name":"Cycles Semaphore","url":"https://sb.weboo.org/public/test-sema/","logo":{"@type":"ImageObject","inLanguage":"fr-FR","@id":"https://sb.weboo.org/public/test-sema/#/schema/logo/image/","url":"https://sb.weboo.org/public/test-sema/wp-content/uploads/2020/05/CycleSemaphore_autocollant_blanc_35mm.png","contentUrl":"https://sb.weboo.org/public/test-sema/wp-content/uploads/2020/05/CycleSemaphore_autocollant_blanc_35mm.png","width":413,"height":413,"caption":"Cycles Semaphore"},"image":{"@id":"https://sb.weboo.org/public/test-sema/#/schema/logo/image/"},"sameAs":["https://www.instagram.com/cyclessemaphore/","https://www.youtube.com/channel/UCw3r2wCWj3eq9wPQHH-U7UA","https://www.facebook.com/cycles.semaphore/"]}]}</script>
<!-- / Yoast SEO plugin. -->

Notre atelier est situé en centre-ville de Riom. Nous aimons l&rsquo;idée qu&rsquo;à travers son implantation, il puisse rendre service aux utilisateurs⸱trices au quotidien. Nous réparons tous les types de vélos (électriques ou non). Avant toute intervention, nous vous proposerons un diagnostic. Celui-ci permet d&rsquo;identifier les pannes ou les améliorations à apporter. Dans certains cas, nous&hellip; Lire la suite

Le vélo pour transformer le quotidien
