{"id":2518,"date":"2022-03-29T20:40:52","date_gmt":"2022-03-29T18:40:52","guid":{"rendered":"https:\/\/sb.weboo.org\/public\/test-sema\/?page_id=2518"},"modified":"2022-09-30T14:46:28","modified_gmt":"2022-09-30T12:46:28","slug":"a-propos","status":"publish","type":"page","link":"https:\/\/sb.weboo.org\/public\/test-sema\/a-propos\/","title":{"rendered":"A propos"},"content":{"rendered":"\n<div class=\"wp-container-9 wp-block-columns\">\n<div class=\"wp-container-4 wp-block-column\">\n<div class=\"wp-container-3 wp-block-columns\">\n<div class=\"wp-container-1 wp-block-column\">\n<p><a href=\"https:\/\/sb.weboo.org\/public\/test-sema\/blog\/\">Blog<\/a><\/p>\n\n\n\n<p>C&rsquo;est l\u00e0 o\u00f9 nous \u00e9crivons tout ce qui nous passe par la t\u00eate. Au final, certains articles traitent de nos petits p\u00e9riples, d&rsquo;autres sont plus philosophiques ou techniques. Lisez, vous verrez !<\/p>\n<\/div>\n\n\n\n<div class=\"wp-container-2 wp-block-column\">\n<p><a href=\"https:\/\/sb.weboo.org\/public\/test-sema\/formation-mobilite\/#page-content\">Conseil et formations<\/a><\/p>\n\n\n\n<p>Nous aimons l&rsquo;id\u00e9e que le v\u00e9lo est \u00e0 la fois un pr\u00e9texte et un outil. Un pr\u00e9texte pour permettre des \u00e9changes souvent incroyables, et un outil d&rsquo;\u00e9mancipation au pouvoir immense.<\/p>\n<\/div>\n<\/div>\n<\/div>\n\n\n\n<div class=\"wp-container-8 wp-block-column\">\n<div class=\"wp-container-7 wp-block-columns\">\n<div class=\"wp-container-5 wp-block-column\">\n<p><a href=\"https:\/\/sb.weboo.org\/public\/test-sema\/le-projet-cabestan\/\">Le projet Cabestan<\/a><\/p>\n\n\n\n<p>Le Cabestan est un levier \u00e0 friction. Il est compatible avec tous les d\u00e9railleurs ou presque. Il est robuste et r\u00e9parable. Il est fabriqu\u00e9 en France. Le projet est en cours !<\/p>\n<\/div>\n\n\n\n<div class=\"wp-container-6 wp-block-column\">\n<p><a href=\"https:\/\/sb.weboo.org\/public\/test-sema\/partenaires-inspirants\/\">Partenaires inspirants<\/a><\/p>\n\n\n\n<p>Les Cycles S\u00e9maphore sont bien entour\u00e9s. De nombreux projets et objets, et de belles rencontres nous ont inspir\u00e9. On en a fait une liste non-exhaustive.<\/p>\n<\/div>\n<\/div>\n<\/div>\n<\/div>\n","protected":false},"excerpt":{"rendered":"<p>Blog C&rsquo;est l\u00e0 o\u00f9 nous \u00e9crivons tout ce qui nous passe par la t\u00eate. Au final, certains articles traitent de nos petits p\u00e9riples, d&rsquo;autres sont plus philosophiques ou techniques. Lisez, vous verrez ! Conseil et formations Nous aimons l&rsquo;id\u00e9e que le v\u00e9lo est \u00e0 la fois un pr\u00e9texte et un outil. Un pr\u00e9texte pour permettre&hellip; <br \/> <a class=\"button small blue\" href=\"https:\/\/sb.weboo.org\/public\/test-sema\/a-propos\/\">Lire la suite<\/a><\/p>\n","protected":false},"author":1,"featured_media":0,"parent":0,"menu_order":0,"comment_status":"closed","ping_status":"closed","template":"","meta":[],"yoast_head":"<!-- This site is optimized with the Yoast SEO plugin v19.9 - https:\/\/yoast.com\/wordpress\/plugins\/seo\/ -->\n<title>A propos - Cycles Semaphore<\/title>\n<meta name=\"robots\" content=\"index, follow, max-snippet:-1, max-image-preview:large, max-video-preview:-1\" \/>\n<link rel=\"canonical\" href=\"https:\/\/sb.weboo.org\/public\/test-sema\/a-propos\/\" \/>\n<meta property=\"og:locale\" content=\"fr_FR\" \/>\n<meta property=\"og:type\" content=\"article\" \/>\n<meta property=\"og:title\" content=\"A propos - Cycles Semaphore\" \/>\n<meta property=\"og:description\" content=\"Blog C&rsquo;est l\u00e0 o\u00f9 nous \u00e9crivons tout ce qui nous passe par la t\u00eate. Au final, certains articles traitent de nos petits p\u00e9riples, d&rsquo;autres sont plus philosophiques ou techniques. Lisez, vous verrez ! Conseil et formations Nous aimons l&rsquo;id\u00e9e que le v\u00e9lo est \u00e0 la fois un pr\u00e9texte et un outil. Un pr\u00e9texte pour permettre&hellip; Lire la suite\" \/>\n<meta property=\"og:url\" content=\"https:\/\/sb.weboo.org\/public\/test-sema\/a-propos\/\" \/>\n<meta property=\"og:site_name\" content=\"Cycles Semaphore\" \/>\n<meta property=\"article:publisher\" content=\"https:\/\/www.facebook.com\/cycles.semaphore\/\" \/>\n<meta property=\"article:modified_time\" content=\"2022-09-30T12:46:28+00:00\" \/>\n<meta property=\"og:image\" content=\"https:\/\/sb.weboo.org\/public\/test-sema\/wp-content\/uploads\/2018\/05\/veloa-rallonge-porteur-enfant.jpg\" \/>\n\t<meta property=\"og:image:width\" content=\"920\" \/>\n\t<meta property=\"og:image:height\" content=\"690\" \/>\n\t<meta property=\"og:image:type\" content=\"image\/jpeg\" \/>\n<meta name=\"twitter:card\" content=\"summary_large_image\" \/>\n<meta name=\"twitter:label1\" content=\"Dur\u00e9e de lecture estim\u00e9e\" \/>\n\t<meta name=\"twitter:data1\" content=\"1 minute\" \/>\n<script type=\"application\/ld+json\" class=\"yoast-schema-graph\">{\"@context\":\"https:\/\/schema.org\",\"@graph\":[{\"@type\":\"WebPage\",\"@id\":\"https:\/\/sb.weboo.org\/public\/test-sema\/a-propos\/\",\"url\":\"https:\/\/sb.weboo.org\/public\/test-sema\/a-propos\/\",\"name\":\"A propos - Cycles Semaphore\",\"isPartOf\":{\"@id\":\"https:\/\/sb.weboo.org\/public\/test-sema\/#website\"},\"datePublished\":\"2022-03-29T18:40:52+00:00\",\"dateModified\":\"2022-09-30T12:46:28+00:00\",\"breadcrumb\":{\"@id\":\"https:\/\/sb.weboo.org\/public\/test-sema\/a-propos\/#breadcrumb\"},\"inLanguage\":\"fr-FR\",\"potentialAction\":[{\"@type\":\"ReadAction\",\"target\":[\"https:\/\/sb.weboo.org\/public\/test-sema\/a-propos\/\"]}]},{\"@type\":\"BreadcrumbList\",\"@id\":\"https:\/\/sb.weboo.org\/public\/test-sema\/a-propos\/#breadcrumb\",\"itemListElement\":[{\"@type\":\"ListItem\",\"position\":1,\"name\":\"Accueil\",\"item\":\"https:\/\/sb.weboo.org\/public\/test-sema\/\"},{\"@type\":\"ListItem\",\"position\":2,\"name\":\"A propos\"}]},{\"@type\":\"WebSite\",\"@id\":\"https:\/\/sb.weboo.org\/public\/test-sema\/#website\",\"url\":\"https:\/\/sb.weboo.org\/public\/test-sema\/\",\"name\":\"Cycles Semaphore\",\"description\":\"Le v\u00e9lo pour transformer le quotidien\",\"publisher\":{\"@id\":\"https:\/\/sb.weboo.org\/public\/test-sema\/#organization\"},\"potentialAction\":[{\"@type\":\"SearchAction\",\"target\":{\"@type\":\"EntryPoint\",\"urlTemplate\":\"https:\/\/sb.weboo.org\/public\/test-sema\/?s={search_term_string}\"},\"query-input\":\"required name=search_term_string\"}],\"inLanguage\":\"fr-FR\"},{\"@type\":\"Organization\",\"@id\":\"https:\/\/sb.weboo.org\/public\/test-sema\/#organization\",\"name\":\"Cycles Semaphore\",\"url\":\"https:\/\/sb.weboo.org\/public\/test-sema\/\",\"logo\":{\"@type\":\"ImageObject\",\"inLanguage\":\"fr-FR\",\"@id\":\"https:\/\/sb.weboo.org\/public\/test-sema\/#\/schema\/logo\/image\/\",\"url\":\"https:\/\/sb.weboo.org\/public\/test-sema\/wp-content\/uploads\/2020\/05\/CycleSemaphore_autocollant_blanc_35mm.png\",\"contentUrl\":\"https:\/\/sb.weboo.org\/public\/test-sema\/wp-content\/uploads\/2020\/05\/CycleSemaphore_autocollant_blanc_35mm.png\",\"width\":413,\"height\":413,\"caption\":\"Cycles Semaphore\"},\"image\":{\"@id\":\"https:\/\/sb.weboo.org\/public\/test-sema\/#\/schema\/logo\/image\/\"},\"sameAs\":[\"https:\/\/www.instagram.com\/cyclessemaphore\/\",\"https:\/\/www.youtube.com\/channel\/UCw3r2wCWj3eq9wPQHH-U7UA\",\"https:\/\/www.facebook.com\/cycles.semaphore\/\"]}]}<\/script>\n<!-- \/ Yoast SEO plugin. -->","yoast_head_json":{"title":"A propos - Cycles Semaphore","robots":{"index":"index","follow":"follow","max-snippet":"max-snippet:-1","max-image-preview":"max-image-preview:large","max-video-preview":"max-video-preview:-1"},"canonical":"https:\/\/sb.weboo.org\/public\/test-sema\/a-propos\/","og_locale":"fr_FR","og_type":"article","og_title":"A propos - Cycles Semaphore","og_description":"Blog C&rsquo;est l\u00e0 o\u00f9 nous \u00e9crivons tout ce qui nous passe par la t\u00eate. Au final, certains articles traitent de nos petits p\u00e9riples, d&rsquo;autres sont plus philosophiques ou techniques. Lisez, vous verrez ! Conseil et formations Nous aimons l&rsquo;id\u00e9e que le v\u00e9lo est \u00e0 la fois un pr\u00e9texte et un outil. Un pr\u00e9texte pour permettre&hellip; Lire la suite","og_url":"https:\/\/sb.weboo.org\/public\/test-sema\/a-propos\/","og_site_name":"Cycles Semaphore","article_publisher":"https:\/\/www.facebook.com\/cycles.semaphore\/","article_modified_time":"2022-09-30T12:46:28+00:00","og_image":[{"width":920,"height":690,"url":"https:\/\/sb.weboo.org\/public\/test-sema\/wp-content\/uploads\/2018\/05\/veloa-rallonge-porteur-enfant.jpg","type":"image\/jpeg"}],"twitter_card":"summary_large_image","twitter_misc":{"Dur\u00e9e de lecture estim\u00e9e":"1 minute"},"schema":{"@context":"https:\/\/schema.org","@graph":[{"@type":"WebPage","@id":"https:\/\/sb.weboo.org\/public\/test-sema\/a-propos\/","url":"https:\/\/sb.weboo.org\/public\/test-sema\/a-propos\/","name":"A propos - Cycles Semaphore","isPartOf":{"@id":"https:\/\/sb.weboo.org\/public\/test-sema\/#website"},"datePublished":"2022-03-29T18:40:52+00:00","dateModified":"2022-09-30T12:46:28+00:00","breadcrumb":{"@id":"https:\/\/sb.weboo.org\/public\/test-sema\/a-propos\/#breadcrumb"},"inLanguage":"fr-FR","potentialAction":[{"@type":"ReadAction","target":["https:\/\/sb.weboo.org\/public\/test-sema\/a-propos\/"]}]},{"@type":"BreadcrumbList","@id":"https:\/\/sb.weboo.org\/public\/test-sema\/a-propos\/#breadcrumb","itemListElement":[{"@type":"ListItem","position":1,"name":"Accueil","item":"https:\/\/sb.weboo.org\/public\/test-sema\/"},{"@type":"ListItem","position":2,"name":"A propos"}]},{"@type":"WebSite","@id":"https:\/\/sb.weboo.org\/public\/test-sema\/#website","url":"https:\/\/sb.weboo.org\/public\/test-sema\/","name":"Cycles Semaphore","description":"Le v\u00e9lo pour transformer le quotidien","publisher":{"@id":"https:\/\/sb.weboo.org\/public\/test-sema\/#organization"},"potentialAction":[{"@type":"SearchAction","target":{"@type":"EntryPoint","urlTemplate":"https:\/\/sb.weboo.org\/public\/test-sema\/?s={search_term_string}"},"query-input":"required name=search_term_string"}],"inLanguage":"fr-FR"},{"@type":"Organization","@id":"https:\/\/sb.weboo.org\/public\/test-sema\/#organization","name":"Cycles Semaphore","url":"https:\/\/sb.weboo.org\/public\/test-sema\/","logo":{"@type":"ImageObject","inLanguage":"fr-FR","@id":"https:\/\/sb.weboo.org\/public\/test-sema\/#\/schema\/logo\/image\/","url":"https:\/\/sb.weboo.org\/public\/test-sema\/wp-content\/uploads\/2020\/05\/CycleSemaphore_autocollant_blanc_35mm.png","contentUrl":"https:\/\/sb.weboo.org\/public\/test-sema\/wp-content\/uploads\/2020\/05\/CycleSemaphore_autocollant_blanc_35mm.png","width":413,"height":413,"caption":"Cycles Semaphore"},"image":{"@id":"https:\/\/sb.weboo.org\/public\/test-sema\/#\/schema\/logo\/image\/"},"sameAs":["https:\/\/www.instagram.com\/cyclessemaphore\/","https:\/\/www.youtube.com\/channel\/UCw3r2wCWj3eq9wPQHH-U7UA","https:\/\/www.facebook.com\/cycles.semaphore\/"]}]}},"_links":{"self":[{"href":"https:\/\/sb.weboo.org\/public\/test-sema\/wp-json\/wp\/v2\/pages\/2518"}],"collection":[{"href":"https:\/\/sb.weboo.org\/public\/test-sema\/wp-json\/wp\/v2\/pages"}],"about":[{"href":"https:\/\/sb.weboo.org\/public\/test-sema\/wp-json\/wp\/v2\/types\/page"}],"author":[{"embeddable":true,"href":"https:\/\/sb.weboo.org\/public\/test-sema\/wp-json\/wp\/v2\/users\/1"}],"replies":[{"embeddable":true,"href":"https:\/\/sb.weboo.org\/public\/test-sema\/wp-json\/wp\/v2\/comments?post=2518"}],"version-history":[{"count":5,"href":"https:\/\/sb.weboo.org\/public\/test-sema\/wp-json\/wp\/v2\/pages\/2518\/revisions"}],"predecessor-version":[{"id":2773,"href":"https:\/\/sb.weboo.org\/public\/test-sema\/wp-json\/wp\/v2\/pages\/2518\/revisions\/2773"}],"wp:attachment":[{"href":"https:\/\/sb.weboo.org\/public\/test-sema\/wp-json\/wp\/v2\/media?parent=2518"}],"curies":[{"name":"wp","href":"https:\/\/api.w.org\/{rel}","templated":true}]}}